deformed-offering

NOAA-style climate reports

2018: Jan | Feb | Mar | Apr | May | Jun | Jul | Aug | Sep | Oct | Nov | Dec 
2017: Jan | Feb | Mar | Apr | May | Jun | Jul | Aug | Sep | Oct | Nov | Dec 
2016: Jan | Feb | Mar | Apr | May | Jun | Jul | Aug | Sep | Oct | Nov | Dec 
2015: Jan | Feb | Mar | Apr | May | Jun | Jul | Aug | Sep | Oct | Nov | Dec 
2014: Jan | Feb | Mar | Apr | May | Jun | Jul | Aug | Sep | Oct | Nov | Dec 
2013: Jan | Feb | Mar | Apr | May | Jun | Jul | Aug | Sep | Oct | Nov | Dec 
2012: Jan | Feb | Mar | Apr | May | Jun | Jul | Aug | Sep | Oct | Nov | Dec 
2011: Jan | Feb | Mar | Apr | May | Jun | Jul | Aug | Sep | Oct | Nov | Dec 
2010: Jan | Feb | Mar | Apr | May | Jun | Jul | Aug | Sep | Oct | Nov | Dec 
2009: Jan | Feb | Mar | Apr | May | Jun | Jul | Aug | Sep | Oct | Nov | Dec 
2008: Jan | Feb | Mar | Apr | May | Jun | Jul | Aug | Sep | Oct | Nov | Dec 
2007: Jan | Feb | Mar | Apr | May | Jun | Jul | Aug | Sep | Oct | Nov | Dec 
2006: Jan | Feb | Mar | Apr | May | Jun | Jul | Aug | Sep | Oct | Nov | Dec 
2005: Jan | Feb | Mar | Apr | May | Jun | Jul | Aug | Sep | Oct | Nov | Dec 
2004: Jan | Feb | Mar | Apr | May | Jun | Jul | Aug | Sep | Oct | Nov | Dec 

Report for 2018 01
MONTHLY CLIMATOLOGICAL SUMMARY for JAN. 2018 NAME: KCASARAT1 CITY: Saratoga STATE: CA ELEV: 375 ft LAT: 37 16' 28" N LONG: 122 01' 23" W TEMPERATURE (F), RAIN (in), WIND SPEED (mph) HEAT COOL AVG MEAN DEG DEG WIND DOM DAY TEMP HIGH TIME LOW TIME DAYS DAYS RAIN SPEED HIGH TIME DIR ------------------------------------------------------------------------------------ 1 49.8 61.6 2:30p 40.8 6:45a 15.1 0.0 0.00 0.6 10.0 1:25p N 2 51.4 61.0 3:35p 45.7 3:00a 13.6 0.0 0.00 0.1 4.0 1:50p NNE 3 51.0 55.3 11:05p 45.7 5:20a 14.0 0.0 0.25 0.6 13.0 2:05p E 4 58.7 66.3 1:50p 53.2 3:50a 6.4 0.1 0.01 2.7 17.0 4:35p ESE 5 59.2 66.6 1:25p 54.2 11:55p 5.9 0.1 0.10 2.2 14.0 9:35a ESE 6 52.5 58.3 3:15p 44.6 11:55p 12.5 0.0 0.07 0.5 11.0 11:10a N 7 48.7 55.1 3:15p 41.6 5:00a 16.3 0.0 0.01 0.3 5.0 10:45a N 8 54.8 59.0 2:55p 50.7 12:10a 10.2 0.0 2.01 1.0 10.0 2:15p E 9 55.2 57.5 12:05a 49.2 11:20p 9.8 0.0 0.78 1.0 13.0 5:30p W 10 50.6 56.6 1:50p 42.2 6:05a 14.4 0.0 0.00 0.9 12.0 11:45a E 11 54.6 63.4 3:00p 48.6 7:05a 10.4 0.0 0.00 0.5 7.0 11:25a NW 12 52.8 60.7 1:55p 47.1 5:35a 12.1 0.0 0.00 1.1 12.0 12:50p W 13 50.5 62.4 2:55p 42.3 6:50a 14.5 0.0 0.00 0.5 7.0 12:10p N 14 49.3 58.9 3:50p 41.5 6:10a 15.7 0.0 0.00 0.4 12.0 11:20p NNE 15 52.7 64.2 3:45p 45.2 3:45a 12.3 0.0 0.00 0.3 8.0 3:35p NNW 16 56.5 64.3 1:40p 50.2 7:35a 8.5 0.0 0.00 0.5 8.0 2:10p NW 17 55.7 60.9 4:00p 49.8 11:50p 9.3 0.0 0.00 0.3 8.0 12:20p NW 18 54.6 65.6 2:25p 46.7 7:40a 10.4 0.0 0.02 1.0 12.0 11:55a NW 19 48.6 52.0 12:05a 45.7 7:25a 5.1 0.0 0.01 0.1 5.0 12:40a WSW 20 21 22 23 24 25 26 27 28 29 30 31 ------------------------------------------------------------------------------------- 53.0 66.6 5 40.8 1 216.5 0.2 3.26 0.8 17.0 4 NW Max >= 90.0: 0 Max <= 32.0: 0 Min <= 32.0: 0 Min <= 0.0: 0 Max Rain: 2.01 ON 01/08/18 Days of Rain: 6 (>.01 in) 3 (>.1 in) 1 (>1 in) Heat Base: 65.0 Cool Base: 65.0 Method: Integration

These reports are produced by WeatherLink V6.0.3.

deformed-offering